pose 2*k + 3*b = 2*b + 12, -3*k - h*b = -4. List the prime factors of k.
2
Suppose -5 = -5*d - 2*v, -4*d + 5*v + 1 = -3*d. Let t(w) = -d + w**2 - 7 + 5*w - w. List the prime factors of t(-6).
2
Suppose w - 4*w = -12. Let o = w - -1. Suppose 6 = -4*n + o*n. What are the prime factors of n?
2, 3
Let h(r) = 18*r - 3. Suppose -2*w = -5*w, 4 = 2*p - 3*w. List the prime factors of h(p).
3, 11
Let d = -19 - -33. What are the prime factors of d?
2, 7
Let r = -21 + 45. Let g = r + -12. List the prime factors of g.
2, 3
Let w = -22 - -31. List the prime factors of w.
3
Let q = 6 - 20. Let k = -2 - q. List the prime factors of k.
2, 3
Let l = 2 + -1. Let z = l - -1. List the prime factors of z.
2
Let n(g) = 4*g**2 + 4*g + 2. What are the prime factors of n(-2)?
2, 5
Let k(l) = 3*l - 1. Suppose 5*n = -5*i - 0*i - 15, i - 27 = 5*n. Let o = 5 - i. List the prime factors of k(o).
2
Let p = 147 + -97. What are the prime factors of p?
2, 5
Suppose 3*k = -0 + 63. List the prime factors of k.
3, 7
Let b(w) = -95*w + 1. What are the prime factors of b(-3)?
2, 11, 13
What are the prime factors of (-5 - 125)/(-5) + 3?
29
Let f(h) = -h**2 + 4 - h**2 + 2*h**3 - 3*h**3 - h**2. Let q be f(-3). Let d = 13 - q. What are the prime factors of d?
3
Let i = 54 + -35. Let n = i + -10. Let w = -4 + n. What are the prime factors of w?
5
What are the prime factors of (-500)/(-6) + -2 - (-10)/15?
2, 41
Suppose -2*x + z + 59 = 0, -5*x - 4*z = -0*x - 141. Suppose 38 = 3*a + 2*t, -5*t + 4 = x. List the prime factors of a.
2
Let a = 9 - 5. Suppose 4*z - 4*y - a = 0, -2*z - 2 = 4*y - 10. List the prime factors of z.
2
Let r(u) = -u + 8. Let k be r(-8). Suppose -4*i - 8*t - 3 = -3*t, 0 = i - 4*t - 15. Suppose 26 = i*o - k. List the prime factors of o.
2, 7
Let m = 249 - 90. List the prime factors of m.
3, 53
List the prime factors of 2*35/(-5)*(-19)/2.
7, 19
Let p be (16/40)/(1/10). Let f = p + -1. What are the prime factors of f?
3
Let q be (-3)/12 - (-42)/8. Let p = q - 2. Suppose a = p*d + 2, -18 = -4*a + a - 3*d. What are the prime factors of a?
5
Suppose -185 = -4*j + 3*j. What are the prime factors of j?
5, 37
Let o(u) = -45*u**2 + u. Let r be o(1). Let n be (12/(-8))/(3/r). Suppose -n = -w - w. List the prime factors of w.
11
What are the prime factors of 2 + -1 + -3 + 58?
2, 7
Let y be 1*(18 - 0/(-1)). Let i = y - 8. What are the prime factors of i?
2, 5
Suppose 2*p - 455 = 5*s - 174, 4*s = 3*p - 425. What are the prime factors of p?
11, 13
Suppose 5*g = 4*c + 29, 0 = 3*c + 4*g - 22 + 5. Let h be (c/1)/(-1) + 6. Suppose 4*x + h = 51. What are the prime factors of x?
11
Suppose -5*t = 3*q - 39, 2*q + 2*t = -3*t + 21. Let x = q + -9. What are the prime factors of x?
3
Let l = 15 - 0. List the prime factors of l.
3, 5
Suppose -19 = 4*x - 7. Let n(p) = 7*p - 9. Let f(l) = -4*l + 5. Let a(s) = -5*f(s) - 3*n(s). What are the prime factors of a(x)?
5
Suppose 36 = 5*q - q. Suppose f = 4*f - q. Suppose -2*z + f*z - 2 = 0. List the prime factors of z.
2
Let y(a) = -a**3 - 6*a**2 - a - 4. Let h be y(-4). Let i be (-78)/3 - (1 + -4). Let k = i - h. What are the prime factors of k?
3
Let m = 20 + -16. Let u(s) = -s**3 - s**2 + 4*s - 1. Let w be u(-3). Suppose -3*b + w + m = 0. What are the prime factors of b?
3
Suppose 4*f - 3*i = 165, -2*f + 51 = -f - 4*i. What are the prime factors of f?
3, 13
Suppose -s = -w - 14, -2*s + 4*s + 2*w = 8. Let y(b) = b + 3. What are the prime factors of y(s)?
2, 3
Let k be (-1 - -1)/(-5 - -3). Suppose 3*u - 13 - 11 = k. What are the prime factors of u/(-4) - (-6 - -1)?
3
Suppose -4 - 6 = -5*u. Suppose -20 = -0*o - u*o. List the prime factors of o.
2, 5
Let v be 2 - (-2)/(-4)*-2. Let o = v - 1. What are the prime factors of 42/7 + o/(-1)?
2
Let p(u) = -18*u**3 - 3 - 6*u + 6*u**3 + 11*u**3 - 6*u**2. Suppose -4*y = -4*s, -25 = 4*y + y. List the prime factors of p(s).
2
What are the prime factors of (1 - -1)*95/1?
2, 5, 19
Suppose 4*b - 3*h = 88 + 581, -5*b = -4*h - 836. List the prime factors of b.
2, 3, 7
Let h(o) = 9*o - 1. Let f be h(-3). Let a = f - -46. Suppose -a + 0 = -4*p + d, 30 = 4*p + 5*d. List the prime factors of p.
5
Let m(j) = 5*j**3 - 16*j**2 + 0*j**3 - 8*j**3 - 14*j - 7 + 4*j**3. What are the prime factors of m(17)?
2, 11
Suppose 33 = -m + 4*m + w, -m - 3*w + 19 = 0. List the prime factors of m.
2, 5
Let c = 13 + 3. Let f = c - 3. List the prime factors of f.
13
Let q = -9 + 35. List the prime factors of q.
2, 13
Let l(a) = -a**2 + a + 12. Let p = -5 + 5. Suppose -h + 5 = -2*o - p*h, -5*h + 25 = -5*o. List the prime factors of l(o).
2, 3
Let o(a) = 19 - 9 + 2*a + 22 - a. List the prime factors of o(0).
2
Let y be 33/(-22)*1*-2. Let m(q) = 3*q**3 - 6*q**2 - 3. Let v(t) = -4*t**3 + 7*t**2 + 4. Let f(u) = -3*m(u) - 2*v(u). What are the prime factors of f(y)?
2, 5
Let v(q) = 2*q**2 + 13*q - 33. List the prime factors of v(-14).
3, 59
List the prime factors of ((-3254)/(-10) - 6/(-10))/2.
163
Let c(u) = -6*u - 1. Let r = -2 - 2. What are the prime factors of c(r)?
23
Suppose -6*m + 11*m = 15. List the prime factors of m.
3
Suppose -4*y = -4, -2*u - 5*y = u - 47. Suppose 3*w - 13 = u. What are the prime factors of w?
3
Suppose 8 = 2*r - 4*u, -r - 3*u + 8 = r. Let i(z) = 3*z**3 - 6*z**2 + 0*z**3 - r*z**3 - 6*z. List the prime factors of i(-5).
5
Suppose 0 = p - 2*p + 4. Suppose -d - 2*d = 4*x - 33, p*x - 5*d - 9 = 0. Suppose -b = -x + 4. What are the prime factors of b?
2
What are the prime factors of (-2)/(((-11)/114)/11)?
2, 3, 19
Let q(b) = b**3 - 6*b**2 + 2*b + 4. Let o be q(6). Suppose -2*y = 8 + o. Let x = y + 28. List the prime factors of x.
2
Suppose -18 - 32 = -5*d. Let q = 14 - d. What are the prime factors of q?
2
Suppose 2*k = 5*k - 9. Suppose 72 = k*l + l. List the prime factors of l.
2, 3
Suppose -3*j + 68 = -40. List the prime factors of j.
2, 3
Suppose 0*p - 22 = -2*p. Let c(m) = m**2 - 8*m - 14. What are the prime factors of c(p)?
19
Suppose -3 = -n + 1. Let h(p) = n*p**2 - 2*p + 2 + 0*p - 3*p**2 + 4*p. What are the prime factors of h(-4)?
2, 5
Let n = 13 - 5. List the prime factors of n.
2
Suppose -x + a + 68 = 0, -2*x + 2*a = x - 204. What are the prime factors of x?
2, 17
Let n(i) = -i**2 + i + 6. Let c(j) = -j - 6. Let y be c(-6). What are the prime factors of n(y)?
2, 3
Suppose -2*i + 94 = 4*f, 0 = -0*f + 5*f - 25. What are the prime factors of i?
37
Let x be ((-11)/44)/((-2)/152). Suppose 4*g = 2*k - 56, -2*g + 2*k - 6 = 24. Let m = g + x. What are the prime factors of m?
2, 3
Suppose 2*f - 3*f + 847 = 5*g, 3*g = 3*f + 519. What are the prime factors of g?
2, 5, 17
Let n be -1*5*(-1 + 0). Let b = 7 - n. Suppose 7*i - b*i + r - 59 = 0, 3*r - 12 = 0. List the prime factors of i.
11
Let d(f) = -f**2 - 4*f + 6. Let w be d(-5). List the prime factors of (3/9)/(w/6).
2
Let p = -24 - -26. Suppose -p*i + 7*i = 25. What are the prime factors of i?
5
Let y be 6/15 + 23/5. Suppose -2*q = -y*q + 21. Suppose 0 = q*h - 2*h - 40. List the prime factors of h.
2
Suppose 2*i - 64 = 4*u, -4*u - u = 5*i - 235. List the prime factors of i.
2, 3, 7
Suppose 5*m + 4*b + 80 = 0, -2*m - 5*b = -0*m + 32. Let d be (-2)/8 - (-339)/12. Let t = d + m. List the prime factors of t.
2, 3
Let q(k) be the third derivative of -k**4/4 - k**3/3 + 2*k**2. Let v be q(-2). Suppose 3*p + 24 = 5*x, -2*p + v = 3*p. List the prime factors of x.
2, 3
Let p = -61 - -93. What are the prime factors of p?
2
Let u = 413 + 5. List the prime factors of u.
2, 11, 19
Suppose -w = -3*w + 50. What are the prime factors of w?
5
Let f(k) = 12*k**2 - 2. Let i be f(-2). Let q = i + -26. What are the prime factors of q?
2, 5
Let m(v) = -3. Let p(b) = b + 6. Let q(i) = -5*m(i) - 3*p(i). List the prime factors of q(-4).
3
Let m = 9 + -7. Let y = -2 - -4. Let u = y + m. List the prime factors of u.
2
Let u(v) = v - 5. Let i be u(7). Let b(z) = z + 7 + 0 + z**i + 2*z. What are the prime factors of b(-5)?
17
Let w = 7 + 183. Suppose -2*m + w = 3*m. Suppose 3*y - 4 = m. List the prime factors of y.
2, 7
Let t = -16 - -51. List the prime factors of t.
5, 7
Suppose 0*t - 4*t + 3*i - 27 = 0, i - 5 = 0. List the prime factors of -3 + (-5)/3*t.
2
Let h = 5 + -9. What are the prime factors of (-34)/h - (-3)/2?
2, 5
Suppose 2*i + 38 = 3*d, 0 = -d - 0*d - 4*i + 22. What are the prime factors of 234/